41325. Calculate n(-65).
-10
Let s(j) = -4147*j - 174306. Calculate s(-42).
-132
Let v(l) = -l**3 + 468*l**2 - 21627*l - 2120. Give v(416).
-40
Let p(d) = 29*d**2 - 15418*d - 20778. Determine p(533).
9
Let u(o) = o**3 + 261*o**2 + 1061*o + 8483. Determine u(-257).
2
Let y(q) = 379*q - 28845. Calculate y(82).
2233
Let n(o) = 58230*o + 28823850. Determine n(-495).
0
Let i(s) = -s**3 - 12*s**2 + 4322*s - 95. Give i(60).
25
Let j(q) = 624*q - 231512. What is j(371)?
-8
Let y(j) = -9*j**2 + 2220*j + 19132. What is y(255)?
7
Let g(b) = -b**2 - 33351*b - 17. Calculate g(0).
-17
Let a(m) = -74*m**2 + 1498*m + 1339. What is a(21)?
163
Let j(x) = -x**2 + 90*x - 1527. Determine j(16).
-343
Let f(x) = 83425*x - 501054. Give f(6).
-504
Let w(p) = -19*p**2 + 3043*p - 496. Calculate w(160).
-16
Let g(d) = -d**3 + 4*d**2 + 117*d - 110. Determine g(-9).
-110
Let k(v) = -7374*v - 243301. Determine k(-33).
41
Let p(n) = -70*n**3 + 4*n**2 - 24*n - 36. Give p(-3).
1962
Let k(z) = -860*z + 113466. Determine k(132).
-54
Let k(a) = -16*a**2 - 2030*a + 4061. Give k(2).
-63
Let i(g) = -1854*g - 113135. What is i(-61)?
-41
Let z(h) = -11*h**3 - 362*h**2 - 2*h - 340. Determine z(-33).
815
Let m(y) = y**3 - 32*y**2 + 346*y - 12503. Determine m(33).
4
Let r(u) = 9*u**2 + 509*u + 1273. Determine r(-54).
31
Let z(i) = -4618*i + 706572. Determine z(153).
18
Let b(j) = 2*j**2 - 568*j - 236427. Give b(514).
13
Let t(n) = 707*n - 19422. Calculate t(28).
374
Let b(w) = -761*w + 168160. Give b(221).
-21
Let y(m) = m**3 - 6*m**2 + 1193*m - 5957. What is y(5)?
-17
Let o(w) = 3*w**3 - 389*w**2 - 141*w + 1399. Determine o(130).
-31
Let t(l) = l**2 - 54*l - 161. What is t(18)?
-809
Let q(f) = -f**3 + 7*f**2 + 5*f - 24. What is q(10)?
-274
Let s(t) = t**3 + 34*t**2 + 352*t + 12409. Calculate s(-34).
441
Let i(f) = -2*f**3 - 67*f**2 + 186*f + 268. Determine i(-35).
-2567
Let p(x) = -3*x**3 - 14*x**2 + 248*x + 1219. Calculate p(-5).
4
Let a(j) = 2047*j + 1005081. Give a(-491).
4
Let s(v) = -v**3 - 17*v**2 - 1676*v - 30414. Give s(-18).
78
Let g(v) = 1401707*v - 14017069. Give g(10).
1
Let a(g) = -3267*g - 29434. Give a(-9).
-31
Let h(v) = -3149*v + 3394641. Give h(1078).
19
Let g(o) = -647608*o + 31732800. Determine g(49).
8
Let l(s) = -s**3 + 22*s**2 + 9*s + 418. Calculate l(26).
-2052
Let j(y) = -10271*y - 11698675. Determine j(-1139).
-6
Let a(n) = 605*n + 3010. Give a(-1).
2405
Let x(w) = w**3 - 71*w**2 + 467*w + 22700. Calculate x(55).
-15
Let f(x) = 3*x**2 + 446*x + 5338. Calculate f(-134).
-558
Let l(n) = n**2 - 1284*n - 90522. What is l(-67)?
-5
Let r(q) = 195265*q - 6053171. Determine r(31).
44
Let s(p) = 127*p**3 + 9*p**2 + 13*p - 14. Give s(-2).
-1020
Let p(n) = n**2 - 37396*n + 336453. Calculate p(9).
-30
Let h(f) = 3*f**3 - 318*f**2 + 9*f - 939. Calculate h(106).
15
Let l(h) = 24668*h + 7079720. What is l(-287)?
4
Let w(b) = 474*b - 1249. Give w(-2).
-2197
Let p(h) = -48*h + 3298. Calculate p(59).
466
Let k(i) = -34*i**3 - 52*i**2 + 113*i - 1. Give k(2).
-255
Let n(o) = -2*o**2 - 46135*o - 1520276. Give n(-33).
1
Let w(o) = 19765*o - 98961. Determine w(5).
-136
Let g(n) = -2*n**3 - 102*n**2 + 691*n + 724. What is g(-57)?
325
Let b(w) = 13822*w - 1. Calculate b(0).
-1
Let f(w) = -2268374*w + 13610245. What is f(6)?
1
Let u(m) = 101*m**2 - 25245*m + 23899. Give u(249).
-5
Let m(p) = 2885*p - 972256. Give m(337).
-11
Let f(o) = -48*o**2 + 406*o - 484. Determine f(7).
6
Let y(b) = -19222*b + 19041. Calculate y(1).
-181
Let l(t) = -t**3 - 591*t**2 + 3524*t - 34623. Calculate l(-597).
3
Let a(c) = -1329*c - 276397. Calculate a(-208).
35
Let s(r) = -132*r + 1801. What is s(16)?
-311
Let l(b) = 3*b**3 + 40*b**2 + 90*b + 91. Determine l(-11).
-52
Let o(c) = -7*c**2 - 613*c + 3087. Determine o(-92).
235
Let v(b) = -981*b + 263846. Calculate v(269).
-43
Let p(w) = -w**2 + 71510*w - 1143902. Determine p(16).
2
Let j(s) = -58378*s + 233396. Determine j(4).
-116
Let j(n) = -7*n**3 - 412*n**2 + 57*n - 88. What is j(-59)?
30
Let j(x) = 6867*x - 75278. Calculate j(11).
259
Let n(h) = -h**2 - 70*h - 959. Calculate n(-21).
70
Let f(k) = 65*k**3 + 11955*k**2 - 918*k + 395. Determine f(-184).
27
Let x(f) = 3602*f - 10761. Calculate x(3).
45
Let b(k) = 4998*k - 51. Determine b(0).
-51
Let r(z) = -165*z - 1623. Calculate r(-11).
192
Let b(m) = 2*m**2 - 89*m + 144. Determine b(43).
15
Let n(j) = -466*j + 8975. What is n(15)?
1985
Let k(b) = -80*b - 14525. What is k(-180)?
-125
Let j(c) = -14*c**3 + 35*c**2 - 31*c + 6. Determine j(4).
-454
Let t(m) = m**2 - 6832*m - 21. What is t(0)?
-21
Let w(s) = 17*s**3 - 721*s**2 - 300*s - 5596. Calculate w(43).
-6
Let m(r) = -392*r + 23057. Give m(59).
-71
Let n(f) = -129*f - 4679. Give n(-36).
-35
Let o(u) = u**3 + 19*u**2 + 95*u + 306. Determine o(-7).
229
Let i(t) = 1761*t + 38892. Give i(-21).
1911
Let r(w) = w**3 - 4*w**2 + 16*w - 351. Determine r(14).
1833
Let w(a) = 2187*a + 181489. Give w(-83).
-32
Let p(c) = -4003*c - 28620. Give p(-7).
-599
Let u(x) = x**3 - 20*x**2 + 9*x - 29. Calculate u(12).
-1073
Let s(k) = -9*k**3 + 5845*k**2 + 15040*k - 28701. Determine s(652).
-13
Let v(j) = -2*j**3 - 766*j**2 - 9622*j + 30. What is v(-13)?
56
Let z(t) = 143*t**3 + 66*t**2 + 1719*t + 1654. Give z(-1).
-142
Let b(z) = z**3 + 27*z**2 - 125*z + 34. Calculate b(-32).
-1086
Let c(u) = 2*u**2 + 494*u - 1986. Calculate c(4).
22
Let b(t) = -8*t**3 - 1218*t**2 - 1511*t - 228. What is b(-151)?
-77
Let w(q) = -20920*q + 376408. Determine w(18).
-152
Let i(o) = -1059*o**2 - 6362*o - 11. Determine i(-6).
37
Let l(b) = b**3 - 3*b**2 + 438*b - 2725. Give l(6).
11
Let y(n) = 2848*n**2 + 33*n - 56. Give y(0).
-56
Let n(j) = -j**2 - 71472*j + 142940. What is n(2)?
-8
Let q(y) = 85*y**2 - 54*y + 344. What is q(4)?
1488
Let q(h) = -11*h**2 - 1350*h + 8340. What is q(6)?
-156
Let h(w) = -234*w**2 + 27651*w - 4637. Determine h(118).
-35
Let z(l) = -241*l + 51307. Calculate z(211).
456
Let k(m) = 3*m**3 + 10*m**2 - 13808*m - 68925. Calculate k(-5).
-10
Let f(w) = -64005*w + 319932. Give f(5).
-93
Let r(g) = -84248*g - 3622653. Determine r(-43).
11
Let f(n) = n**3 - 15*n**2 - 3618*n + 54163. What is f(15)?
-107
Let x(b) = b**2 + 43591*b - 20931354. Determine x(475).
-4
Let j(l) = -21*l**2 - 400*l - 241. Determine j(-18).
155
Let t(y) = 3598*y + 46. Give t(0).
46
Let t(d) = 47*d**2 - 5693*d + 836. Calculate t(121).
110
Let g(a) = 2*a**3 + 87*a**2 - 8492*a - 701. Determine g(47).
4
Let q(j) = 7*j**2 + 282*j - 1945. Determine q(7).
372
Let k(f) = -1173*f + 15272. Give k(13).
23
Let n(s) = -23*s**2 - 868*s - 536. Calculate n(-37).
93
Let u(t) = -12094*t - 122799. Calculate u(-10).
-1859
Let l(c) = -14*c**3 - 9*c**2 + 48*c + 253. Give l(-4).
813
Let s(k) = 344*k + 6460. Give s(-20).
-420
Let p(j) = 16951*j - 2593506. What is p(153)?
-3
Let y(b) = -2*b**3 + 230*b**2 - 470*b + 146. Give y(113).
-1888
Let t(n) = 24786*n - 446145. What is t(18)?
3
Let s(l) = 609*l + 15874. Give s(-26).
40
Let s(u) = -92*u**2 + 8534*u - 6402. Give s(92).
38
Let s(d) = -29*d**2 - 114*d - 3. Calculate s(-9).
-1326
Let m(y) = 668402*y - 147048444. Give m(220).
-4
Let p(s) = -13*s**3 - 2497*s**2 - 209*s - 3244. Determine p(-192).
20
Let q(v) = -82*v - 865. Calculate q(-10).
-45
Let y(b) = 18819*b - 395197. Give y(21).
2
Let b(c) = -1623*c + 22750. Give b(14).
28
Let o(y) = -y**3 + 45*y**2 - 373*y + 2738. Calculate o(39).
-2683
Let g(h) = -16010*h - 1392834. Give g(-87).
36
Let c(j) = j**3 + 163*j**2 - 4277*j + 199. What is c(-186)?
13
Let f(g) = -8*g**2 - 343*g - 2776. Determine f(-31).
169
Let a(b) = -6*b**3 + 325*b**2 + 1325*b + 248. Determine a(58).
-274
Let v(n) = -22930*n - 1031866. Give v(-45).
-16
Let t(o) = -4639*o - 106692. What is t(-23)?
5
Let s(b) = -2*b**3 - 12*b**2 + 714*b - 160. Calculate s(16).
0
Let c(x) = 9*x**2 - 326*x - 2277. Give c(-7).
446
Let k(b) = b**3 + 30*b**2 + 120*b + 1166. Give k(-21).
2615
Let h(q) = -7*q**2 - 54*q - 25. What is h(-8)?
-41
Let v(t) = 289856*t - 2028884. Calculate v(7).
108
Let v(s) = s**3 - 30*s**2 - 395*s + 28. Calculate v(-10).
-22
Let y(a) = 2*a**3 + 64*a**2 + 514*a + 13996. Calculate y(-31).
-16
Let s(l) = 3248*l + 58439. What is s(-18)?
-25
Let q(l) = -l**3 - 18*l**2 - 40*l - 114. Determine q(-5).
-239
Let o(x) = -3*x**2 + 9893*x - 2665476. Calculate o(296).
